 2532?
2, 3, 211
List the prime factors of 15569.
15569
What are the prime factors of 6409?
13, 17, 29
What are the prime factors of 15704?
2, 13, 151
What are the prime factors of 18154?
2, 29, 313
What are the prime factors of 20837?
67, 311
What are the prime factors of 9975?
3, 5, 7, 19
List the prime factors of 42675.
3, 5, 569
What are the prime factors of 10515?
3, 5, 701
What are the prime factors of 5766?
2, 3, 31
What are the prime factors of 2070?
2, 3, 5, 23
List the prime factors of 1967.
7, 281
List the prime factors of 681.
3, 227
List the prime factors of 75.
3, 5
What are the prime factors of 61031?
61031
What are the prime factors of 5340?
2, 3, 5, 89
List the prime factors of 4372.
2, 1093
What are the prime factors of 37423?
37423
What are the prime factors of 4184?
2, 523
What are the prime factors of 25896?
2, 3, 13, 83
What are the prime factors of 4970?
2, 5, 7, 71
List the prime factors of 4662.
2, 3, 7, 37
What are the prime factors of 28548?
2, 3, 13, 61
What are the prime factors of 4859?
43, 113
What are the prime factors of 6011?
6011
What are the prime factors of 529?
23
List the prime factors of 4234.
2, 29, 73
What are the prime factors of 6906?
2, 3, 1151
List the prime factors of 81717.
3, 27239
List the prime factors of 2450.
2, 5, 7
What are the prime factors of 1589?
7, 227
What are the prime factors of 15980?
2, 5, 17, 47
List the prime factors of 61064.
2, 17, 449
List the prime factors of 3082.
2, 23, 67
What are the prime factors of 18071?
17, 1063
What are the prime factors of 16297?
43, 379
List the prime factors of 18886.
2, 7, 19, 71
List the prime factors of 18747.
3, 2083
What are the prime factors of 6093?
3, 677
What are the prime factors of 259?
7, 37
What are the prime factors of 342?
2, 3, 19
List the prime factors of 28991.
53, 547
What are the prime factors of 2728?
2, 11, 31
List the prime factors of 81.
3
List the prime factors of 11190.
2, 3, 5, 373
List the prime factors of 18749.
18749
What are the prime factors of 4270?
2, 5, 7, 61
What are the prime factors of 591?
3, 197
List the prime factors of 42905.
5, 8581
What are the prime factors of 67814?
2, 41, 827
List the prime factors of 14916.
2, 3, 11, 113
List the prime factors of 6138.
2, 3, 11, 31
List the prime factors of 4915.
5, 983
What are the prime factors of 3121?
3121
What are the prime factors of 33651?
3, 3739
List the prime factors of 35368.
2, 4421
List the prime factors of 408.
2, 3, 17
What are the prime factors of 4636?
2, 19, 61
What are the prime factors of 42?
2, 3, 7
List the prime factors of 746.
2, 373
List the prime factors of 7371.
3, 7, 13
What are the prime factors of 111892?
2, 11, 2543
What are the prime factors of 26043?
3, 8681
List the prime factors of 1288.
2, 7, 23
List the prime factors of 17191.
17191
List the prime factors of 189613.
189613
What are the prime factors of 5380?
2, 5, 269
What are the prime factors of 892?
2, 223
What are the prime factors of 17534?
2, 11, 797
What are the prime factors of 38751?
3, 12917
What are the prime factors of 10746?
2, 3, 199
List the prime factors of 6069.
3, 7, 17
List the prime factors of 31288.
2, 3911
What are the prime factors of 3180?
2, 3, 5, 53
List the prime factors of 15915.
3, 5, 1061
List the prime factors of 6073.
6073
List the prime factors of 3699.
3, 137
List the prime factors of 10849.
19, 571
What are the prime factors of 1239?
3, 7, 59
List the prime factors of 9724.
2, 11, 13, 17
What are the prime factors of 918?
2, 3, 17
List the prime factors of 513.
3, 19
List the prime factors of 22419.
3, 47, 53
What are the prime factors of 76415?
5, 17, 29, 31
What are the prime factors of 23796?
2, 3, 661
List the prime factors of 6435.
3, 5, 11, 13
What are the prime factors of 5184?
2, 3
What are the prime factors of 6269?
6269
List the prime factors of 18473.
7, 13, 29
List the prime factors of 33556.
2, 8389
What are the prime factors of 1367?
1367
List the prime factors of 14198.
2, 31, 229
List the prime factors of 75248.
2, 4703
What are the prime factors of 1120?
2, 5, 7
List the prime factors of 27676.
2, 11, 17, 37
What are the prime factors of 454?
2, 227
List the prime factors of 4421.
4421
What are the prime factors of 28445?
5, 5689
What are the prime factors of 1741?
1741
What are the prime factors of 5282?
2, 19, 139
What are the prime factors of 9154?
2, 23, 199
List the prime factors of 1067.
11, 97
List the prime factors of 4133.
4133
List the prime factors of 164.
2, 41
List the prime factors of 213.
3, 71
What are the prime factors of 409?
409
List the prime factors of 15467.
15467
List the prime factors of 831.
3, 277
What are the prime factors of 103276?
2, 25819
List the prime factors of 8623.
8623
List the prime factors of 47128.
2, 43, 137
What are the prime factors of 6167?
7, 881
List the prime factors of 2555.
5, 7, 73
List the prime factors of 22811.
22811
What are the prime factors of 88252?
2, 22063
What are the prime factors of 21055?
5, 4211
What are the prime factors of 601?
601
What are the prime factors of 2332?
2, 11, 53
List the prime factors of 2398.
2, 11, 109
What are the prime factors of 5037?
3, 23, 73
What are the prime factors of 18691?
18691
List the prime factors of 147159.
3, 83, 197
List the prime factors of 7551.
3, 839
List the prime factors of 51.
3, 17
What are the prime factors of 159556?
2, 113, 353
List the prime factors of 1406.
2, 19, 37
List the prime factors of 48811.
7, 19, 367
List the prime factors of 27788.
2, 6947
List the prime factors of 16153.
29, 557
List the prime factors of 450.
2, 3, 5
What are the prime factors of 6934?
2, 3467
List the prime factors of 5313.
3, 7, 11, 23
What are the prime factors of 3287?
19, 173
List the prime factors of 5259.
3, 1753
What are the prime factors of 1685?
5, 337
What are the prime factors of 602?
2, 7, 43
List the prime factors of 5622.
2, 3, 937
List the prime factors of 18223.
18223
What are the prime factors of 803?
11, 73
List the prime factors of 1035.
3, 5, 23
List the prime factors of 37633.
37633
What are the prime factors of 7319?
13, 563
What are the prime factors of 4033?
37, 109
List the prime factors of 24772.
2, 11, 563
List the prime factors of 1250.
2, 5
List the prime factors of 155795.
5, 31159
List the prime factors of 882.
2, 3, 7
List the prime factors of 3761.
3761
What are the prime factors of 729?
3
What are the prime factors of 266?
2, 7, 19
List the prime factors of 55235.
5, 11047
List the prime factors of 17877.
3, 59, 101
List the prime factors of 724.
2, 181
What are the prime factors of 1164?
2, 3, 97
List the prime factors of 933.
3, 311
List the prime factors of 840.
2, 3, 5, 7
What are the prime factors of 254?
2, 127
What are the prime factors of 8997?
3, 2999
List the prime factors of 723.
3, 241
What are the prime factors of 523?
523
What are the prime factors of 2758?
2, 7, 197
What are the prime factors of 17432?
2, 2179
List the prime factors of 6278.
2, 43, 73
List the prime factors of 11112.
2, 3, 463
List the prime factors of 25890.
2, 3, 5, 863
What are the prime factors of 2926?
2, 7, 11, 19
List the prime factors of 83477.
83477
What are the prime factors of 68290?
2, 5, 6829
List the prime factors of 5264.
2, 7, 47
What are the prime factors of 39056?
2, 2441
What are the prime factors of 15804?
2, 3, 439
What are the prime factors of 18052?
2, 4513
List the prime factors of 823.
823
What are the prime factors of 9320?
2, 5, 233
What are the prime factors of 16454?
2, 19, 433
What are the prime factors of 18047?
18047
List the prime factors of 2317.
7, 331
List the prime factors of 1079.
13, 83
List the prime factors of 1034.
2, 11, 47
List the prime factors of 1532.
2, 383
List the prime factors of 18036.
2, 3, 167
What are the prime factors of 87326?
2, 47, 929
List the prime factors of 25634.
2, 7, 1831
What are the prime factors of 69751?
11, 17, 373
What are the prime factors of 44537?
44537
List the prime factors of 7130.
2, 5, 23, 31
List the prime factors of 5503.
5503
What are the prime factors of 2977?
13, 229
List the prime factors of 2382.
2, 3, 397
List the prime factors of 24108.
2, 3, 7, 41
What are the prime factors of 15687?
3, 7, 83
What are the prime factors of 177?
3